{"id":1181,"date":"2022-12-21T16:20:26","date_gmt":"2022-12-21T15:20:26","guid":{"rendered":"http:\/\/ccr.haxelia.com\/?page_id=1181"},"modified":"2024-04-29T09:18:27","modified_gmt":"2024-04-29T07:18:27","slug":"unidad-de-radiodiagnostico","status":"publish","type":"page","link":"https:\/\/centroclinicozurbano.com\/?page_id=1181","title":{"rendered":"Unidad de Radiodiagn\u00f3stico"},"content":{"rendered":"\n<div class=\"wp-block-uagb-container uagb-block-4beadc40 alignfull uagb-is-root-container\"><div class=\"uagb-container-inner-blocks-wrap\">\n<div class=\"wp-block-uagb-advanced-heading uagb-block-390d1684\"><h1 class=\"uagb-heading-text\">Unidad de Medicina Radiol\u00f3gica<\/h1><p class=\"uagb-desc-text\">ZURBANO Centro Cl\u00ednico<\/p><\/div>\n<\/div><\/div>\n\n\n\n<div class=\"wp-block-uagb-container uagb-block-971d500a alignfull uagb-is-root-container\"><div class=\"uagb-container-inner-blocks-wrap\">\n<div class=\"wp-block-uagb-advanced-heading uagb-block-9b6e1374\"><h4 class=\"uagb-heading-text\">Nuestra unidad de Medicina Radiol\u00f3gica est\u00e1 formada por expertos profesionales y la m\u00e1s moderna tecnolog\u00eda diagn\u00f3stica.<\/h4><p class=\"uagb-desc-text\">Tenemos los siguientes servicios:<\/p><\/div>\n<\/div><\/div>\n\n\n\n<div class=\"wp-block-uagb-container uagb-block-a39608dd alignfull uagb-is-root-container\"><div class=\"uagb-container-inner-blocks-wrap\"><style>.wp-block-kadence-iconlist.kt-svg-icon-list-items_75ef40-69:not(.this-stops-third-party-issues){margin-top:0px;margin-bottom:0px;}.wp-block-kadence-iconlist.kt-svg-icon-list-items_75ef40-69 ul.kt-svg-icon-list:not(.this-prevents-issues):not(.this-stops-third-party-issues):not(.tijsloc){margin-top:0px;margin-right:0px;margin-bottom:var(--global-kb-spacing-sm, 1.5rem);margin-left:0px;}.wp-block-kadence-iconlist.kt-svg-icon-list-items_75ef40-69 ul.kt-svg-icon-list{grid-row-gap:5px;}.wp-block-kadence-iconlist.kt-svg-icon-list-items_75ef40-69 ul.kt-svg-icon-list .kt-svg-icon-list-item-wrap .kt-svg-icon-list-single{margin-right:10px;}.kt-svg-icon-list-items_75ef40-69 ul.kt-svg-icon-list .kt-svg-icon-list-level-0 .kt-svg-icon-list-single svg{font-size:20px;}.kt-svg-icon-list-items_75ef40-69 ul.kt-svg-icon-list .kt-svg-icon-list-level-1 .kt-svg-icon-list-single svg{font-size:20px;}.kt-svg-icon-list-items_75ef40-69 ul.kt-svg-icon-list .kt-svg-icon-list-level-2 .kt-svg-icon-list-single svg{font-size:20px;}.kt-svg-icon-list-items_75ef40-69 ul.kt-svg-icon-list .kt-svg-icon-list-level-3 .kt-svg-icon-list-single svg{font-size:20px;}.kt-svg-icon-list-items_75ef40-69 ul.kt-svg-icon-list .kt-svg-icon-list-level-4 .kt-svg-icon-list-single svg{font-size:20px;}.kt-svg-icon-list-items_75ef40-69 ul.kt-svg-icon-list .kt-svg-icon-list-level-5 .kt-svg-icon-list-single svg{font-size:20px;}<\/style>\n<div class=\"wp-block-kadence-iconlist kt-svg-icon-list-items kt-svg-icon-list-items_75ef40-69 kt-svg-icon-list-columns-1 alignnone kt-list-icon-aligntop\"><ul class=\"kt-svg-icon-list\"><li class=\"kt-svg-icon-list-style-default kt-svg-icon-list-item-wrap kt-svg-icon-list-item-0 kt-svg-icon-list-level-0\"><div style=\"display:inline-flex;justify-content:center;align-items:center;color:var(--ast-global-color-0)\" class=\"kt-svg-icon-list-single kt-svg-icon-list-single-fe_arrowRight\"><svg style=\"display:inline-block;vertical-align:middle\" viewBox=\"0 0 24 24\" height=\"20\" width=\"20\" fill=\"none\" stroke=\"currentColor\" xmlns=\"http:\/\/www.w3.org\/2000\/svg\" stroke-width=\"2\" stroke-linecap=\"round\" stroke-linejoin=\"round\" aria-hidden=\"true\"><line x1=\"5\" y1=\"12\" x2=\"19\" y2=\"12\"><\/line><polyline points=\"12 5 19 12 12 19\"><\/polyline><\/svg><\/div><span class=\"kt-svg-icon-list-text\"><strong>Mamograf\u00eda<\/strong>: es una imagen de la mama tomada con Rayos X, fundamental en el diagn\u00f3stico y prevenci\u00f3n del c\u00e1ncer de mama.<\/span><\/li><li class=\"kt-svg-icon-list-style-default kt-svg-icon-list-item-wrap kt-svg-icon-list-item-1 kt-svg-icon-list-level-0\"><div style=\"display:inline-flex;justify-content:center;align-items:center;color:var(--ast-global-color-0)\" class=\"kt-svg-icon-list-single kt-svg-icon-list-single-fe_arrowRight\"><svg style=\"display:inline-block;vertical-align:middle\" viewBox=\"0 0 24 24\" height=\"20\" width=\"20\" fill=\"none\" stroke=\"currentColor\" xmlns=\"http:\/\/www.w3.org\/2000\/svg\" stroke-width=\"2\" stroke-linecap=\"round\" stroke-linejoin=\"round\" aria-hidden=\"true\"><line x1=\"5\" y1=\"12\" x2=\"19\" y2=\"12\"><\/line><polyline points=\"12 5 19 12 12 19\"><\/polyline><\/svg><\/div><span class=\"kt-svg-icon-list-text\"><strong>Ecograf\u00eda<\/strong>: es una prueba de diagn\u00f3stico por imagen, no invasiva, que utiliza ondas sonoras. A diferencia de las mamograf\u00edas, no utiliza radiaci\u00f3n. Se aplica un gel sobre la piel sobre el que se pasa un transductor que env\u00eda ondas sonoras al cuerpo, y se convierten en im\u00e1genes en un monitor.<\/span><\/li><li class=\"kt-svg-icon-list-style-default kt-svg-icon-list-item-wrap kt-svg-icon-list-item-2 kt-svg-icon-list-level-0\"><div style=\"display:inline-flex;justify-content:center;align-items:center;color:var(--ast-global-color-0)\" class=\"kt-svg-icon-list-single kt-svg-icon-list-single-fe_arrowRight\"><svg style=\"display:inline-block;vertical-align:middle\" viewBox=\"0 0 24 24\" height=\"20\" width=\"20\" fill=\"none\" stroke=\"currentColor\" xmlns=\"http:\/\/www.w3.org\/2000\/svg\" stroke-width=\"2\" stroke-linecap=\"round\" stroke-linejoin=\"round\" aria-hidden=\"true\"><line x1=\"5\" y1=\"12\" x2=\"19\" y2=\"12\"><\/line><polyline points=\"12 5 19 12 12 19\"><\/polyline><\/svg><\/div><span class=\"kt-svg-icon-list-text\"><strong>Ecograf\u00eda Doppler<\/strong>: es una prueba de diagn\u00f3stico por imagen, no invasiva, que utiliza ondas sonoras a\u00f1adi\u00e9ndole una onda de flujo, para valorar los vasos sangu\u00edneos y la circulaci\u00f3n de la sangre, pudiendo detectar y prevenir alteraciones. La realizaci\u00f3n es similar a la de una ecograf\u00eda convencional.<\/span><\/li><li class=\"kt-svg-icon-list-style-default kt-svg-icon-list-item-wrap kt-svg-icon-list-item-3 kt-svg-icon-list-level-0\"><div style=\"display:inline-flex;justify-content:center;align-items:center;color:var(--ast-global-color-0)\" class=\"kt-svg-icon-list-single kt-svg-icon-list-single-fe_arrowRight\"><svg style=\"display:inline-block;vertical-align:middle\" viewBox=\"0 0 24 24\" height=\"20\" width=\"20\" fill=\"none\" stroke=\"currentColor\" xmlns=\"http:\/\/www.w3.org\/2000\/svg\" stroke-width=\"2\" stroke-linecap=\"round\" stroke-linejoin=\"round\" aria-hidden=\"true\"><line x1=\"5\" y1=\"12\" x2=\"19\" y2=\"12\"><\/line><polyline points=\"12 5 19 12 12 19\"><\/polyline><\/svg><\/div><span class=\"kt-svg-icon-list-text\"><strong>Radiolog\u00eda convencional:<\/strong> se obtienen im\u00e1genes de diferentes zonas del cuerpo utilizando Rayos X.<\/span><\/li><li class=\"kt-svg-icon-list-style-default kt-svg-icon-list-item-wrap kt-svg-icon-list-item-4 kt-svg-icon-list-level-0\"><div style=\"display:inline-flex;justify-content:center;align-items:center;color:var(--ast-global-color-0)\" class=\"kt-svg-icon-list-single kt-svg-icon-list-single-fe_arrowRight\"><svg style=\"display:inline-block;vertical-align:middle\" viewBox=\"0 0 24 24\" height=\"20\" width=\"20\" fill=\"none\" stroke=\"currentColor\" xmlns=\"http:\/\/www.w3.org\/2000\/svg\" stroke-width=\"2\" stroke-linecap=\"round\" stroke-linejoin=\"round\" aria-hidden=\"true\"><line x1=\"5\" y1=\"12\" x2=\"19\" y2=\"12\"><\/line><polyline points=\"12 5 19 12 12 19\"><\/polyline><\/svg><\/div><span class=\"kt-svg-icon-list-text\"><strong>Densitometr\u00eda<\/strong>: es un tipo de prueba radiol\u00f3gica con dosis baja, que se utiliza para medir el calcio de los huesos y as\u00ed conocer la salud y fuerza de nuestro sistema esqueletico.<\/span><\/li><\/ul><\/div>\n\n\n\n<p>En todos los casos son t\u00e9cnicas no dolorosas, de gran importancia para el diagn\u00f3stico y prevenci\u00f3n de importantes enfermedades.<br><br>Nuestros profesionales sanitarios les proporcionar\u00e1n informaci\u00f3n y recursos para ayudar a los pacientes a entender y prepararse sus ex\u00e1menes.&nbsp;<br><br>La interpretaci\u00f3n correcta de los resultados por parte de nuestros M\u00e9dicos Especialistas es fundamental para llegar a un correcto diagn\u00f3stico.<\/p>\n<\/div><\/div>\n\n\n\n<div class=\"wp-block-uagb-container uagb-block-8cbde6eb alignfull uagb-is-root-container\"><div class=\"uagb-container-inner-blocks-wrap\">\n<div class=\"wp-block-uagb-container uagb-block-c0b4f2cc\"><style>.kt-svg-icons_e557d0-f9 .kt-svg-item-0 .kb-svg-icon-wrap{color:var(--ast-global-color-0);font-size:50px;}.wp-block-kadence-icon.kt-svg-icons_e557d0-f9{justify-content:center;}<\/style>\n<div class=\"wp-block-kadence-icon kt-svg-icons kt-svg-icons_e557d0-f9 alignnone\" style=\"text-align:center\"><div class=\"kt-svg-style-default kt-svg-icon-wrap kt-svg-item-0\"><div style=\"display:inline-flex;justify-content:center;align-items:center;color:var(--ast-global-color-0)\" class=\"kt-svg-icon kt-svg-icon-fas_briefcase-medical\"><svg style=\"display:inline-block;vertical-align:middle\" viewBox=\"0 0 512 512\" height=\"50\" width=\"50\" fill=\"currentColor\" xmlns=\"http:\/\/www.w3.org\/2000\/svg\" aria-hidden=\"true\"><path d=\"M464 128h-80V80c0-26.5-21.5-48-48-48H176c-26.5 0-48 21.5-48 48v48H48c-26.5 0-48 21.5-48 48v288c0 26.5 21.5 48 48 48h416c26.5 0 48-21.5 48-48V176c0-26.5-21.5-48-48-48zM192 96h128v32H192V96zm160 248c0 4.4-3.6 8-8 8h-56v56c0 4.4-3.6 8-8 8h-48c-4.4 0-8-3.6-8-8v-56h-56c-4.4 0-8-3.6-8-8v-48c0-4.4 3.6-8 8-8h56v-56c0-4.4 3.6-8 8-8h48c4.4 0 8 3.6 8 8v56h56c4.4 0 8 3.6 8 8v48z\"><\/path><\/svg><\/div><\/div><\/div>\n\n\n\n<div class=\"wp-block-uagb-advanced-heading uagb-block-a5333c68\"><h3 class=\"uagb-heading-text\">Unidad de Mamograf\u00eda<\/h3><div class=\"uagb-separator\"><\/div><\/div>\n\n\n\n<p><strong>Mamograf\u00eda bilateral&nbsp;&nbsp;&nbsp;&nbsp;&nbsp;<\/strong><\/p>\n\n\n\n<p><strong>Mamograf\u00eda unilateral<\/strong><\/p>\n\n\n\n<ul class=\"wp-block-list\">\n<li>La herramienta m\u00e1s poderosa para detectar el c\u00e1ncer de mama&nbsp;&nbsp;&nbsp;&nbsp; <strong><\/strong><\/li>\n<\/ul>\n\n\n\n<p><em>No olvide traer a la consulta los resultados de su \u00faltima mamograf\u00eda&nbsp;&nbsp;&nbsp;&nbsp;&nbsp;&nbsp;&nbsp;&nbsp;&nbsp;&nbsp;&nbsp;&nbsp;&nbsp;&nbsp;&nbsp;&nbsp;&nbsp;&nbsp;&nbsp;&nbsp;&nbsp;&nbsp;&nbsp;&nbsp;&nbsp;&nbsp;&nbsp;&nbsp;&nbsp;&nbsp;&nbsp;&nbsp;&nbsp;&nbsp; <\/em><\/p>\n<\/div>\n\n\n\n<div class=\"wp-block-uagb-container uagb-block-efcaf0d2\"><style>.kt-svg-icons_8f1424-b5 .kt-svg-item-0 .kb-svg-icon-wrap{color:var(--ast-global-color-0);font-size:50px;}.wp-block-kadence-icon.kt-svg-icons_8f1424-b5{justify-content:center;}<\/style>\n<div class=\"wp-block-kadence-icon kt-svg-icons kt-svg-icons_8f1424-b5 alignnone\" style=\"text-align:center\"><div class=\"kt-svg-style-default kt-svg-icon-wrap kt-svg-item-0\"><div style=\"display:inline-flex;justify-content:center;align-items:center;color:var(--ast-global-color-0)\" class=\"kt-svg-icon kt-svg-icon-fas_briefcase-medical\"><svg style=\"display:inline-block;vertical-align:middle\" viewBox=\"0 0 512 512\" height=\"50\" width=\"50\" fill=\"currentColor\" xmlns=\"http:\/\/www.w3.org\/2000\/svg\" aria-hidden=\"true\"><path d=\"M464 128h-80V80c0-26.5-21.5-48-48-48H176c-26.5 0-48 21.5-48 48v48H48c-26.5 0-48 21.5-48 48v288c0 26.5 21.5 48 48 48h416c26.5 0 48-21.5 48-48V176c0-26.5-21.5-48-48-48zM192 96h128v32H192V96zm160 248c0 4.4-3.6 8-8 8h-56v56c0 4.4-3.6 8-8 8h-48c-4.4 0-8-3.6-8-8v-56h-56c-4.4 0-8-3.6-8-8v-48c0-4.4 3.6-8 8-8h56v-56c0-4.4 3.6-8 8-8h48c4.4 0 8 3.6 8 8v56h56c4.4 0 8 3.6 8 8v48z\"><\/path><\/svg><\/div><\/div><\/div>\n\n\n\n<div class=\"wp-block-uagb-advanced-heading uagb-block-2fa9a2d2\"><h3 class=\"uagb-heading-text\">Unidad de Ecograf\u00eda<\/h3><div class=\"uagb-separator\"><\/div><\/div>\n\n\n\n<p><strong>Ecograf\u00edas<\/strong><\/p>\n\n\n\n<ul class=\"wp-block-list\">\n<li>Abdominal<\/li>\n\n\n\n<li>Ginecol\u00f3gica<\/li>\n\n\n\n<li>Mamaria<\/li>\n\n\n\n<li>Muscular<\/li>\n\n\n\n<li>Tiroidea<\/li>\n\n\n\n<li>Transvaginal<\/li>\n\n\n\n<li>Urol\u00f3gica<\/li>\n\n\n\n<li>&#8230;<\/li>\n<\/ul>\n\n\n\n<p><strong>Ecograf\u00eda Doppler color<\/strong><strong><\/strong><\/p>\n<\/div>\n\n\n\n<div class=\"wp-block-uagb-container uagb-block-391bb5ca\"><style>.kt-svg-icons_beb11c-32 .kt-svg-item-0 .kb-svg-icon-wrap{color:var(--ast-global-color-0);font-size:50px;}.wp-block-kadence-icon.kt-svg-icons_beb11c-32{justify-content:center;}<\/style>\n<div class=\"wp-block-kadence-icon kt-svg-icons kt-svg-icons_beb11c-32 alignnone\" style=\"text-align:center\"><div class=\"kt-svg-style-default kt-svg-icon-wrap kt-svg-item-0\"><div style=\"display:inline-flex;justify-content:center;align-items:center;color:var(--ast-global-color-0)\" class=\"kt-svg-icon kt-svg-icon-fas_briefcase-medical\"><svg style=\"display:inline-block;vertical-align:middle\" viewBox=\"0 0 512 512\" height=\"50\" width=\"50\" fill=\"currentColor\" xmlns=\"http:\/\/www.w3.org\/2000\/svg\" aria-hidden=\"true\"><path d=\"M464 128h-80V80c0-26.5-21.5-48-48-48H176c-26.5 0-48 21.5-48 48v48H48c-26.5 0-48 21.5-48 48v288c0 26.5 21.5 48 48 48h416c26.5 0 48-21.5 48-48V176c0-26.5-21.5-48-48-48zM192 96h128v32H192V96zm160 248c0 4.4-3.6 8-8 8h-56v56c0 4.4-3.6 8-8 8h-48c-4.4 0-8-3.6-8-8v-56h-56c-4.4 0-8-3.6-8-8v-48c0-4.4 3.6-8 8-8h56v-56c0-4.4 3.6-8 8-8h48c4.4 0 8 3.6 8 8v56h56c4.4 0 8 3.6 8 8v48z\"><\/path><\/svg><\/div><\/div><\/div>\n\n\n\n<div class=\"wp-block-uagb-advanced-heading uagb-block-c74cb36a\"><h3 class=\"uagb-heading-text\">Unidad de Radiolog\u00eda<\/h3><div class=\"uagb-separator\"><\/div><\/div>\n\n\n\n<p><strong><strong>Radiolog\u00eda Convencional<\/strong><\/strong><\/p>\n\n\n\n<ul class=\"wp-block-list\">\n<li>Cr\u00e1neo<\/li>\n\n\n\n<li>T\u00f3rax<\/li>\n\n\n\n<li>Rodilla<\/li>\n\n\n\n<li>Cadera<\/li>\n\n\n\n<li>&#8230;<\/li>\n<\/ul>\n<\/div>\n\n\n\n<div class=\"wp-block-uagb-container uagb-block-808ad3de\"><style>.kt-svg-icons_d1a2eb-c9 .kt-svg-item-0 .kb-svg-icon-wrap{color:var(--ast-global-color-0);font-size:50px;}.wp-block-kadence-icon.kt-svg-icons_d1a2eb-c9{justify-content:center;}<\/style>\n<div class=\"wp-block-kadence-icon kt-svg-icons kt-svg-icons_d1a2eb-c9 alignnone\" style=\"text-align:center\"><div class=\"kt-svg-style-default kt-svg-icon-wrap kt-svg-item-0\"><div style=\"display:inline-flex;justify-content:center;align-items:center;color:var(--ast-global-color-0)\" class=\"kt-svg-icon kt-svg-icon-fas_briefcase-medical\"><svg style=\"display:inline-block;vertical-align:middle\" viewBox=\"0 0 512 512\" height=\"50\" width=\"50\" fill=\"currentColor\" xmlns=\"http:\/\/www.w3.org\/2000\/svg\" aria-hidden=\"true\"><path d=\"M464 128h-80V80c0-26.5-21.5-48-48-48H176c-26.5 0-48 21.5-48 48v48H48c-26.5 0-48 21.5-48 48v288c0 26.5 21.5 48 48 48h416c26.5 0 48-21.5 48-48V176c0-26.5-21.5-48-48-48zM192 96h128v32H192V96zm160 248c0 4.4-3.6 8-8 8h-56v56c0 4.4-3.6 8-8 8h-48c-4.4 0-8-3.6-8-8v-56h-56c-4.4 0-8-3.6-8-8v-48c0-4.4 3.6-8 8-8h56v-56c0-4.4 3.6-8 8-8h48c4.4 0 8 3.6 8 8v56h56c4.4 0 8 3.6 8 8v48z\"><\/path><\/svg><\/div><\/div><\/div>\n\n\n\n<div class=\"wp-block-uagb-advanced-heading uagb-block-43d158e7\"><h3 class=\"uagb-heading-text\">Densitometr\u00eda<\/h3><div class=\"uagb-separator\"><\/div><\/div>\n\n\n\n<p><strong><strong>Densitometr\u00eda \u00d3sea<\/strong><\/strong><\/p>\n\n\n\n<ul class=\"wp-block-list\">\n<li>Densitometr\u00eda \u00d3sea de raquis lumbar y cuello femoral<\/li>\n\n\n\n<li>Densitometr\u00eda \u00d3sea de antebrazo<\/li>\n\n\n\n<li>Densitometr\u00eda \u00d3sea de cuerpo completo<\/li>\n\n\n\n<li>Densitometr\u00eda \u00d3sea de Cuerpo Completo y composici\u00f3n corporal<\/li>\n<\/ul>\n<\/div>\n<\/div><\/div>\n","protected":false},"excerpt":{"rendered":"<p>Unidad de Medicina Radiol\u00f3gica ZURBANO Centro Cl\u00ednico Nuestra unidad de Medicina Radiol\u00f3gica est\u00e1 formada por expertos profesionales y la m\u00e1s moderna tecnolog\u00eda diagn\u00f3stica. Tenemos los siguientes servicios: En todos los casos son t\u00e9cnicas no dolorosas, de gran importancia para el diagn\u00f3stico y prevenci\u00f3n de importantes enfermedades. Nuestros profesionales sanitarios les proporcionar\u00e1n informaci\u00f3n y recursos para [&hellip;]<\/p>\n","protected":false},"author":3,"featured_media":0,"parent":0,"menu_order":0,"comment_status":"closed","ping_status":"closed","template":"","meta":{"_seopress_robots_primary_cat":"","_seopress_titles_title":"Unidad de Medicina Radiol\u00f3gica | ZURBANO Centro Cl\u00ednico","_seopress_titles_desc":"Nuestra unidad de Medicina Radiol\u00f3gica en Madrid est\u00e1 formada por expertos profesionales y la m\u00e1s moderna tecnolog\u00eda diagn\u00f3stica","_seopress_robots_index":"","_uag_custom_page_level_css":"","_kad_blocks_custom_css":"","_kad_blocks_head_custom_js":"","_kad_blocks_body_custom_js":"","_kad_blocks_footer_custom_js":"","site-sidebar-layout":"no-sidebar","site-content-layout":"plain-container","ast-site-content-layout":"full-width-container","site-content-style":"unboxed","site-sidebar-style":"unboxed","ast-global-header-display":"","ast-banner-title-visibility":"","ast-main-header-display":"","ast-hfb-above-header-display":"","ast-hfb-below-header-display":"","ast-hfb-mobile-header-display":"","site-post-title":"disabled","ast-breadcrumbs-content":"","ast-featured-img":"","footer-sml-layout":"","theme-transparent-header-meta":"","adv-header-id-meta":"","stick-header-meta":"","header-above-stick-meta":"","header-main-stick-meta":"","header-below-stick-meta":"","astra-migrate-meta-layouts":"set","ast-page-background-enabled":"default","ast-page-background-meta":{"desktop":{"background-color":"","background-image":"","background-repeat":"repeat","background-position":"center center","background-size":"auto","background-attachment":"scroll","background-type":"","background-media":"","overlay-type":"","overlay-color":"","overlay-opacity":"","overlay-gradient":""},"tablet":{"background-color":"","background-image":"","background-repeat":"repeat","background-position":"center center","background-size":"auto","background-attachment":"scroll","background-type":"","background-media":"","overlay-type":"","overlay-color":"","overlay-opacity":"","overlay-gradient":""},"mobile":{"background-color":"","background-image":"","background-repeat":"repeat","background-position":"center center","background-size":"auto","background-attachment":"scroll","background-type":"","background-media":"","overlay-type":"","overlay-color":"","overlay-opacity":"","overlay-gradient":""}},"ast-content-background-meta":{"desktop":{"background-color":"var(--ast-global-color-5)","background-image":"","background-repeat":"repeat","background-position":"center center","background-size":"auto","background-attachment":"scroll","background-type":"","background-media":"","overlay-type":"","overlay-color":"","overlay-opacity":"","overlay-gradient":""},"tablet":{"background-color":"var(--ast-global-color-5)","background-image":"","background-repeat":"repeat","background-position":"center center","background-size":"auto","background-attachment":"scroll","background-type":"","background-media":"","overlay-type":"","overlay-color":"","overlay-opacity":"","overlay-gradient":""},"mobile":{"background-color":"var(--ast-global-color-5)","background-image":"","background-repeat":"repeat","background-position":"center center","background-size":"auto","background-attachment":"scroll","background-type":"","background-media":"","overlay-type":"","overlay-color":"","overlay-opacity":"","overlay-gradient":""}},"footnotes":""},"class_list":["post-1181","page","type-page","status-publish","hentry"],"taxonomy_info":[],"featured_image_src_large":false,"author_info":{"display_name":"Soporte | ELC","author_link":"https:\/\/centroclinicozurbano.com\/?author=3"},"comment_info":0,"uagb_featured_image_src":{"full":false,"thumbnail":false,"medium":false,"medium_large":false,"large":false,"1536x1536":false,"2048x2048":false},"uagb_author_info":{"display_name":"Soporte | ELC","author_link":"https:\/\/centroclinicozurbano.com\/?author=3"},"uagb_comment_info":0,"uagb_excerpt":"Unidad de Medicina Radiol\u00f3gica ZURBANO Centro Cl\u00ednico Nuestra unidad de Medicina Radiol\u00f3gica est\u00e1 formada por expertos profesionales y la m\u00e1s moderna tecnolog\u00eda diagn\u00f3stica. Tenemos los siguientes servicios: En todos los casos son t\u00e9cnicas no dolorosas, de gran importancia para el diagn\u00f3stico y prevenci\u00f3n de importantes enfermedades. Nuestros profesionales sanitarios les proporcionar\u00e1n informaci\u00f3n y recursos para&hellip;","_links":{"self":[{"href":"https:\/\/centroclinicozurbano.com\/index.php?rest_route=\/wp\/v2\/pages\/1181","targetHints":{"allow":["GET"]}}],"collection":[{"href":"https:\/\/centroclinicozurbano.com\/index.php?rest_route=\/wp\/v2\/pages"}],"about":[{"href":"https:\/\/centroclinicozurbano.com\/index.php?rest_route=\/wp\/v2\/types\/page"}],"author":[{"embeddable":true,"href":"https:\/\/centroclinicozurbano.com\/index.php?rest_route=\/wp\/v2\/users\/3"}],"replies":[{"embeddable":true,"href":"https:\/\/centroclinicozurbano.com\/index.php?rest_route=%2Fwp%2Fv2%2Fcomments&post=1181"}],"version-history":[{"count":6,"href":"https:\/\/centroclinicozurbano.com\/index.php?rest_route=\/wp\/v2\/pages\/1181\/revisions"}],"predecessor-version":[{"id":1450,"href":"https:\/\/centroclinicozurbano.com\/index.php?rest_route=\/wp\/v2\/pages\/1181\/revisions\/1450"}],"wp:attachment":[{"href":"https:\/\/centroclinicozurbano.com\/index.php?rest_route=%2Fwp%2Fv2%2Fmedia&parent=1181"}],"curies":[{"name":"wp","href":"https:\/\/api.w.org\/{rel}","templated":true}]}}